 the remainder when 12661944 is divided by 334.
4
Calculate the remainder when 15070 is divided by 6086.
2898
Calculate the remainder when 126956 is divided by 14002.
938
What is the remainder when 1651792 is divided by 2?
0
What is the remainder when 41548460 is divided by 983?
982
What is the remainder when 518152 is divided by 86117?
1450
What is the remainder when 87664 is divided by 471?
58
What is the remainder when 2400784 is divided by 18?
16
What is the remainder when 361115473 is divided by 15?
13
What is the remainder when 443088 is divided by 3314?
2326
Calculate the remainder when 4194540 is divided by 11.
9
What is the remainder when 5327458 is divided by 4979?
4907
Calculate the remainder when 46039 is divided by 653.
329
Calculate the remainder when 473300 is divided by 1585.
970
What is the remainder when 150799 is divided by 1027?
857
Calculate the remainder when 41809589 is divided by 276.
5
Calculate the remainder when 16379385 is divided by 178.
3
What is the remainder when 107965 is divided by 158?
51
Calculate the remainder when 125904 is divided by 2840.
944
What is the remainder when 284618401 is divided by 266?
263
Calculate the remainder when 17315825 is divided by 245.
205
What is the remainder when 456262735 is divided by 3429?
3424
Calculate the remainder when 1633318 is divided by 10955.
1023
Calculate the remainder when 2169946 is divided by 3359.
32
What is the remainder when 6405822 is divided by 16?
14
What is the remainder when 194920 is divided by 258?
130
What is the remainder when 357167859 is divided by 28?
27
What is the remainder when 5312748 is divided by 22704?
12
Calculate the remainder when 689228 is divided by 228854.
2666
Calculate the remainder when 79721 is divided by 7233.
158
What is the remainder when 6147455 is divided by 1219?
38
Calculate the remainder when 10331857 is divided by 229.
64
Calculate the remainder when 327782 is divided by 2428.
2
Calculate the remainder when 1031623 is divided by 13572.
151
What is the remainder when 18196666 is divided by 6846?
6844
Calculate the remainder when 31986 is divided by 15884.
218
What is the remainder when 68316337 is divided by 343?
341
What is the remainder when 82741 is divided by 2431?
87
What is the remainder when 34636 is divided by 4316?
108
What is the remainder when 3570362 is divided by 28113?
11
Calculate the remainder when 2477380587 is divided by 685.
682
What is the remainder when 27760881 is divided by 115?
111
What is the remainder when 10137864 is divided by 1689643?
6
What is the remainder when 4181520 is divided by 2295?
30
What is the remainder when 16086 is divided by 7690?
706
What is the remainder when 7972854 is divided by 797278?
74
What is the remainder when 124990 is divided by 59858?
5274
What is the remainder when 6328173 is divided by 7489?
7457
What is the remainder when 37710 is divided by 807?
588
What is the remainder when 45341 is divided by 22562?
217
Calculate the remainder when 67956 is divided by 151.
6
Calculate the remainder when 1439213 is divided by 205601.
6
What is the remainder when 48458586 is divided by 3744?
3738
What is the remainder when 1239379 is divided by 413111?
46
What is the remainder when 206434322 is divided by 29?
26
What is the remainder when 33558116 is divided by 36?
32
Calculate the remainder when 965686 is divided by 158.
148
Calculate the remainder when 2180019 is divided by 136251.
3
Calculate the remainder when 44794 is divided by 2729.
1130
What is the remainder when 452049 is divided by 18070?
299
What is the remainder when 717121 is divided by 143406?
91
What is the remainder when 2732006 is divided by 6934?
10
Calculate the remainder when 6526720 is divided by 5475.
520
What is the remainder when 1610151 is divided by 1060?
11
What is the remainder when 536554229 is divided by 27?
23
What is the remainder when 41008 is divided by 2927?
30
Calculate the remainder when 800494 is divided by 200109.
58
What is the remainder when 21088818 is divided by 411?
408
What is the remainder when 32476 is divided by 15744?
988
Calculate the remainder when 137060 is divided by 472.
180
Calculate the remainder when 534575 is divided by 292.
215
Calculate the remainder when 43264730 is divided by 436.
14
What is the remainder when 474643 is divided by 1745?
3
What is the remainder when 111632 is divided by 12339?
581
Calculate the remainder when 342801991 is divided by 3.
1
What is the remainder when 2444137 is divided by 252?
241
Calculate the remainder when 31881228 is divided by 360.
348
What is the remainder when 559129 is divided by 554134?
4995
Calculate the remainder when 2230525 is divided by 5839.
27
What is the remainder when 3977189 is divided by 814?
799
Calculate the remainder when 367468 is divided by 2340.
88
What is the remainder when 47422 is divided by 781?
562
What is the remainder when 218100 is divided by 2483?
2079
Calculate the remainder when 428064 is divided by 151.
130
What is the remainder when 16633796 is divided by 778?
156
What is the remainder when 1914970 is divided by 16092?
22
What is the remainder when 7568211 is divided by 504545?
36
What is the remainder when 281665 is divided by 412?
269
Calculate the remainder when 8251214 is divided by 1031374.
222
Calculate the remainder when 7899741 is divided by 766.
749
Calculate the remainder when 1606105 is divided by 401522.
17
Calculate the remainder when 1141378 is divided by 536.
234
What is the remainder when 509084598 is divided by 428?
426
Calculate the remainder when 22950625 is divided by 1898.
9
What is the remainder when 208197 is divided by 8670?
117
Calculate the remainder when 19631278 is divided by 531.
208
What is the remainder when 34183903 is divided by 223?
10
What is the remainder when 852918 is divided by 170148?
2178
What is the remainder when 1288609 is divided by 1288589?
20
Calculate the remainder when 852672 is divided by 2568.
96
Calculate the remainder when 3627732 is divided by 10306.
20
What is the remainder when 58781 is divided by 2161?
434
Calculate the remainder when 5447 is divided by 2792.
2655
What is the remainder when 345008 is divided by 149?
73
What is the remainder when 42492 is divided by 8223?
1377
Calculate the remainder when 19988 is divided by 6029.
1901
What is the remainder when 5552811 is divided by 273?
264
Calculate the remainder when 17729432 is divided by 2216177.
16
What is the remainder when 28969053 is divided by 27?
24
What is the remainder when 2049280 is divided by 39?
25
What is the remainder when 1241759 is divided by 2?
1
Calculate the remainder when 632455 is divided by 632440.
15
What is the remainder when 780340 is divided by 1391?
1380
Calculate the remainder when 63997 is divided by 7109.
16
Calculate the remainder when 70955 is divided by 8574.
2363
What is the remainder when 86552 is divided by 3379?
2077
What is the remainder when 574983 is divided by 287370?
243
What is the remainder when 1850728 is divided by 69?
10
Calculate the remainder when 703069 is divided by 19.
12
What is the remainder when 94481 is divided by 617?
80
Calculate the remainder when 1550868 is divided by 8337.
186
What is the remainder when 1522324 is divided by 450?
424
What is the remainder when 4659 is divided by 479?
348
What is the remainder when 12621 is divided by 5891?
839
Calculate the remainder when 1653782 is divided by 17.
5
Calculate the remainder when 8477416 is divided by 4238704.
8
What is the remainder when 2106652 is divided by 172?
168
Calculate the remainder when 480274 is divided by 17145.
214
What is the remainder when 2151 is divided by 2006?
145
Calculate the remainder when 6185576 is divided by 12.
8
Calculate the remainder when 1430639 is divided by 29781.
1151
What is the remainder when 52527896 is divided by 203?
22
Calculate the remainder when 18852098 is divided by 1256806.
8
What is the remainder when 8406017 is divided by 4566?
11
What is the remainder when 101791689 is divided by 427?
13
Calculate the remainder when 804619 is divided by 402294.
31
What is the remainder when 1763422 is divided by 103726?
80
What is the remainder when 12357711 is divided by 126?
9
Calculate the remainder when 14008650 is divided by 50.
0
Calculate t